 - 27 = -0*v. Calculate the highest common divisor of 21 and i.
21
Suppose -71 = -l + 240. Suppose 138 = j - m, 5*j = 3*j - 5*m + l. Calculate the greatest common factor of j and 13.
13
Let b(v) = -v**2 + 13*v + 9. Suppose 4*h = u + 2*u - 34, -4*u - 2*h + 38 = 0. Let q be b(u). What is the highest common factor of 13 and q?
13
Suppose 4*g = -0*g + 76. Calculate the highest common divisor of 95 and g.
19
Suppose -x - 64 = -3*x. What is the greatest common factor of 288 and x?
32
Let h = 15 - -71. Suppose -2*f + 214 = 5*g, -4*f + 374 = 2*g - h. Calculate the greatest common factor of 13 and f.
13
Let b = 15 + -1. Let f = b + -9. Suppose 2*m + 0*m - 55 = v, f*m + 5*v = 175. Calculate the highest common factor of m and 75.
15
Suppose 98 = -0*y + 2*y. What is the highest common divisor of y and 7?
7
Suppose t + 3 = 2*s, 27 = t + 3*t + 5*s. Suppose -28 - 23 = -t*y. What is the highest common divisor of y and 51?
17
Suppose -4*h + 86 = -106. Suppose -25 - 35 = -5*v. Calculate the greatest common divisor of h and v.
12
Suppose 5*y + 1 + 4 = 5*n, -y = -2*n + 3. Suppose -28 = -o - 2*o + 2*u, n*u + 16 = 2*o. What is the greatest common divisor of 96 and o?
12
Suppose -5*g = 4 + 6. Let c be (0 - 1)/(g/352). Let l be (8/(-6))/((-1)/12). What is the greatest common factor of l and c?
16
Let f = -7 + 4. Let g = f - -7. Suppose 4*y - 5*y + 6 = 0. Calculate the highest common divisor of g and y.
2
Let u(r) = 3*r**3 - 3*r**2 - 4*r + 3. Let y be u(3). Let d(i) = -i**3 - 3*i**2 + i - 3. Let k be d(-4). Calculate the highest common divisor of y and k.
9
Let w(t) = -t**2 + 20*t. Let i be w(11). Suppose f = n + 8, 3*f - 26 + 5 = 4*n. Calculate the greatest common divisor of f and i.
11
Suppose 4*m = -4, t + 0*m = 5*m + 11. Suppose 3*c = t*c - 252. What is the highest common divisor of 21 and c?
21
Suppose 0 = -2*t + 4*t. Suppose -a + 36 = -3*h, -3*h = -t*a + 3*a - 132. Suppose 6 = 3*z - 2*z. Calculate the highest common factor of a and z.
6
Suppose 3*a - 12 - 3 = 0. Suppose 4*b + 571 = -a*i + 1901, 654 = 2*b - 3*i. What is the greatest common factor of b and 30?
30
Suppose -q = -2*q - 3. Let m be (-4)/(((-6)/(-4))/q). Suppose 0 = 3*u - 33 + 9. What is the highest common divisor of m and u?
8
Suppose -3*p - 5*y + 22 = 0, 2*p + 5*y - 8 = 5. Suppose -l = 4*z - 21, -4*l - 19 = -3*z - 8. Calculate the greatest common factor of p and l.
1
Let g(y) = y + 14. Let p be g(-8). Calculate the highest common divisor of p and 6.
6
Let c(h) = -h**2 - 8*h - 6. Let j be c(-5). Suppose -j - 3 = -2*n. Calculate the greatest common divisor of n and 42.
6
Suppose -5*x + 33 = 2*d, 0 = d + 4*d - 4*x. Calculate the highest common divisor of d and 16.
4
Suppose 28 - 4 = 3*n. Let b(f) = -4 + 4 + 2*f**2 - 1 + 39*f**3. Let l be b(1). What is the highest common factor of l and n?
8
Let r(u) = u**3 + 19*u**2 - 4*u + 8. Let z be r(-19). Calculate the greatest common divisor of 12 and z.
12
Let g = -24 - -8. Suppose 2*i - i + 37 = 0. Let h = g - i. What is the highest common divisor of 7 and h?
7
Let k be (-16 - -14)*(-15 - 0). Calculate the highest common divisor of 75 and k.
15
Let d = 486 - -468. Suppose 4*w - d = 2*w. Suppose -152 = 5*l - w. Calculate the greatest common divisor of l and 13.
13
Let o = 6 - -5. What is the greatest common divisor of 88 and o?
11
Suppose -9*l + 27 = -81. What is the greatest common factor of l and 54?
6
Let j(n) = 58*n - 3. Let t be j(1). Calculate the highest common divisor of t and 5.
5
Suppose 2*f - 3 = 37. Let s = -11 + 18. Let l = 11 - s. Calculate the greatest common factor of l and f.
4
Suppose 0 = s - 4 - 2. Suppose 0 = q - 4, 2*u - 10 - 32 = q. Let v = 71 - u. What is the greatest common divisor of v and s?
6
Let i(o) = o**2 + o + 3. Let l be i(-3). Let z = l + -1. What is the greatest common divisor of 64 and z?
8
Let y = -8 + 11. Suppose -2*b + 55 = y*b + 4*q, -55 = -5*b + 5*q. Calculate the highest common divisor of 55 and b.
11
Let j = 26 + 22. What is the highest common factor of 528 and j?
48
Suppose -4*r + 16 + 4 = 0. Suppose -5*l = r*h - 325, 4*l + l = -3*h + 195. Calculate the highest common divisor of 26 and h.
13
Suppose -31 = -y - 5. Let z = y + 6. What is the greatest common divisor of z and 8?
8
Let w be -2*2/(-4)*13. Calculate the highest common divisor of 91 and w.
13
Suppose -4*p + 1308 = -2*r, 0*r + 4*r - 634 = -2*p. Calculate the highest common factor of p and 13.
13
Suppose -3*d = -4*d + 184. Let m be (-6)/8 + d/32. Calculate the highest common divisor of 40 and m.
5
Let c = 11 - 5. Suppose 5*x + 5 = 0, -n + c = -3*x - 9. What is the highest common divisor of 6 and n?
6
Let b(z) = 17*z - 32. Let u be b(5). What is the greatest common divisor of 53 and u?
53
Suppose 0 = -2*d + 4. Suppose 5*l + 84 = 4*m, -5*m + 4*l = -d*m - 63. Let k = -9 + m. Calculate the greatest common factor of 96 and k.
12
Let i(p) = 33 - p**2 + 6 + 6. Let w be i(0). What is the highest common factor of w and 9?
9
Suppose 3*s = -2*m + 13 + 15, -5*s - 5*m + 40 = 0. Let h = 134 + -130. What is the highest common factor of h and s?
4
Suppose 4*j = m + 12, -4*j = m - 0*m - 4. Suppose -r + 7 = 2*h - 0*h, -5*r + 19 = j*h. Let o be h/(-4)*(-4 + 2). What is the highest common divisor of 4 and o?
1
Suppose 45 = 4*z - 19. Let o(l) = l**3 - l**2 - 5*l + 5. Let k be o(5). What is the greatest common factor of k and z?
16
Let u = 73 + -45. Calculate the highest common factor of u and 42.
14
Let h be 2/2 + -1 + 2. Suppose -7 - 1 = -h*p. Suppose -x + 12 = p. Calculate the greatest common factor of 72 and x.
8
Let w(i) = -2*i**3 + 12*i**2 + 6*i - 31. Let j be w(6). Let s = -59 + 104. What is the greatest common divisor of j and s?
5
Let g be -57 + -1 - -2 - -1. Let u be (g/(-2))/((-1)/(-2)). Suppose x - 2 = 3. What is the highest common factor of x and u?
5
Let f be (-111)/(-7) + (-8)/(-56). What is the highest common divisor of f and 16?
16
Let u(g) = 33*g**2. Let f be u(1). Let b be ((-14)/(-21))/(4/18). What is the highest common factor of f and b?
3
Suppose -2*f = 3*a - 6*f - 272, 2*a + 4*f - 168 = 0. Calculate the highest common factor of a and 8.
8
Suppose -2*l - 2*l + 412 = -3*j, 412 = 4*l + j. Suppose -13 + l = 5*i - x, 2*x = -3*i + 54. Calculate the greatest common factor of i and 198.
18
Let o(u) = u**2 - 6*u - 7. Let g be o(7). Suppose g = -3*t + 2*t - 175. Let j = t - -351. Calculate the highest common factor of 22 and j.
22
Let q(s) = s**2 + s + 8. Let y be q(0). Suppose 6*z - y = 2*z. Suppose u - z - 4 = 0. What is the highest common divisor of 3 and u?
3
Let c be 2 + -3 + (3 - 2). Let o = c - 1. Let r be 1 - (1 + o)/3. Calculate the greatest common divisor of 1 and r.
1
Let c = -14 + 4. Let h be c/2 + (2 - 1). Let m = 2 - h. Calculate the greatest common divisor of m and 6.
6
Let q(t) be the third derivative of t**4/6 - t**3/2 - t**2. Let i be q(3). Suppose -2 + 5 = f, -5*z + 2*f = -i. Calculate the highest common factor of z and 6.
3
Let u(o) = -o**2 + 12*o + 11. Let i be u(13). Let f be (0 - -1)/(i/(-8)). What is the highest common factor of 12 and f?
4
Let n(r) = -r**2 - 16*r - 12. Let j be n(-15). Calculate the greatest common factor of j and 21.
3
Suppose -3*m = -7*m + 8. Let f(o) = -2*o - o**m + 3 + 4*o + 2*o. Let d be f(4). What is the greatest common divisor of d and 1?
1
Let l(g) = -g**2 - 7*g - 7. Let j be l(-5). Suppose -2*s - s = -9. Calculate the highest common divisor of j and s.
3
Suppose -44 = -3*b + 3*a + 2*a, 0 = b - 5*a - 28. Suppose -4*x = -x + 2*h, -4*h = 2*x + b. Calculate the highest common factor of 8 and x.
2
Suppose j = -0*j + 6. Let b be ((-17)/2)/((-3)/j). Calculate the greatest common factor of 119 and b.
17
Let i(b) = 9*b**3 - 2*b**2 - b + 1. Let n be i(2). Suppose -28 = -4*o - d - d, 7 = o + 5*d. What is the greatest common divisor of o and n?
7
Suppose 0 = 15*g - 10*g - 250. What is the greatest common divisor of 75 and g?
25
Suppose 0 = 4*i - 4*y - 23 - 57, 0 = 2*y - 4. Let x(f) = 2*f**2 + 10*f + 5. Let q be x(-7). What is the greatest common factor of i and q?
11
Suppose 3 = -k + 2*m + 17, -2*m - 10 = 0. What is the greatest common divisor of 16 and k?
4
Let f = -1 - -1. Suppose f = -4*s - 3*y + 23, s + 4*y - 5 = 3*y. Let o be 18/(-2)*s/(-12). Calculate the highest common divisor of 24 and o.
6
Suppose 2*y = -y + 9. Suppose -